 by (-7 - o)/(3/l).
7
Let z(i) be the second derivative of i**4/6 + 11*i**3/6 - 6*i**2 + 5*i. What is the remainder when z(-10) is divided by 27?
24
Suppose 14*s = 5*s + 279. What is the remainder when s is divided by 18?
13
What is the remainder when (-2)/6 + (-188)/(-6) is divided by 8?
7
Suppose -5*z + 3 = 3*f - 3, 0 = -z - 5*f - 12. Suppose -10 = -2*d - p - 2*p, -z*p = -5*d + 67. Calculate the remainder when 19 is divided by d.
8
Suppose 4*j - w - 115 = -j, -64 = -2*j + 4*w. Let d(n) = -4 + 6*n**2 - 4*n**2 - 3*n - 2*n. What is the remainder when j is divided by d(4)?
6
Let f be 2 - -2*(-78)/(-3). Suppose 7*m = -2*k + 3*m + 36, 0 = -4*k + m + f. What is the remainder when 25 is divided by k?
11
Let a(m) = 2*m - 7. Let f be a(-6). Let n = 50 + f. Calculate the remainder when n is divided by 16.
15
Let x = 7 - 15. Let d = x - -24. Calculate the remainder when 30 is divided by d.
14
Let x(u) = u**3 + 5*u**2 - 19*u + 16. What is the remainder when x(-7) is divided by 14?
9
Let p = -2 - -9. What is the remainder when p is divided by 6?
1
Let j(a) = a**3 - 5*a**2 + 2*a - 7. What is the remainder when 11 is divided by j(5)?
2
Let x(i) = 13*i + 5. Let a be x(-6). Let y = a + 125. Let s = -20 - -38. Calculate the remainder when y is divided by s.
16
Let w = -54 - -76. Suppose 4*i = -f + 2*i + w, 89 = 5*f + 3*i. Calculate the remainder when 30 is divided by f.
14
Let y = 27 + -16. Let s = 25 - y. Calculate the remainder when 41 is divided by s.
13
Let j be (-38)/(-8) - 2/(-8). Suppose -150 = -3*s + 3*g - 36, -s = -j*g - 42. What is the remainder when s is divided by 20?
17
Let x(v) = v**2 - 10*v + 16. Calculate the remainder when 7 is divided by x(9).
0
Let r(k) = -2*k**3 - k**2 + 1. Let j be r(-1). Let o = j + 24. Suppose -2*w = -2*f + o, -3*f + w = -51 + 4. Calculate the remainder when 32 is divided by f.
15
Let i(w) = w**2. Let v be i(-2). Let g(a) = a**3 + 2*a**2 - 2*a + 3. Let x be g(-3). Suppose -v*t + 38 + 10 = x. What is the remainder when 35 is divided by t?
11
Let k = -1 + 18. Let m(g) = -g**2 - 4*g - 2. Let f be m(5). Let c = f - -80. What is the remainder when c is divided by k?
16
Suppose 21 = 2*o - c, 0 = 5*o + 4*c - 30 - 3. Calculate the remainder when 16 is divided by o.
7
Let y = 0 + 6. Calculate the remainder when 26 is divided by (y/2)/(2/6).
8
Suppose 0 = 5*h + 20 - 0, 4*c - 24 = 3*h. Suppose c*o = 7*o - 68. Calculate the remainder when 65 is divided by o.
14
Let u(b) = 2*b**2 - 2*b + 6. Let v(r) = 2*r**2 - 2*r + 5. Let k(c) = -6*u(c) + 7*v(c). Suppose -2*j + 8*j = 24. What is the remainder when j is divided by k(2)?
1
Let n(c) = 91*c**2 + c. Calculate the remainder when n(1) is divided by 31.
30
Let g = 3 - 1. Suppose 0*b - b = 4*x - 5, 12 = 3*x - g*b. Suppose -66 = -x*d - 14. Calculate the remainder when d is divided by 14.
12
Suppose v = -4 + 1. Calculate the remainder when 22 is divided by (-1)/v + (-17)/(-3).
4
Let m = 28 + -13. Calculate the remainder when 26 is divided by m.
11
Let i = -111 - -47. Let n = 89 + i. Let b = -4 - -13. What is the remainder when n is divided by b?
7
Let t = 6 + -3. Let f be ((-2)/(-4))/(t/12). Suppose 64 - 6 = f*h. What is the remainder when h is divided by 10?
9
Let p(v) = 3*v + 43. Let k(q) be the first derivative of q**2 + 22*q + 4. Let o(x) = -5*k(x) + 3*p(x). Calculate the remainder when o(0) is divided by 7.
5
Let d = -65 + 79. What is the remainder when 54 is divided by d?
12
Let z(q) = q**2 + q - 1. Let k be z(0). Let t = k - -5. Suppose t*s = -0*s + 32. Calculate the remainder when s is divided by 3.
2
Suppose -2*r + 5*r + 2*d = 3, -3*r + 3 = d. Let x = -4 - -5. What is the remainder when r is divided by x?
0
Let b(z) = -3*z**2 + 2*z - 1. Let o be b(1). Let s = 6 + o. Suppose -x - 2*x + 2*h = -14, 2*h - 2 = -5*x. What is the remainder when s is divided by x?
0
Suppose j = -4*z + 77, -5*z + 3*z = -2*j + 134. Suppose -4*y + 281 = j. What is the remainder when y is divided by 18?
17
Suppose 0 = -3*c - 12 + 18. Let g(h) = -h**2 + 2. What is the remainder when c is divided by g(0)?
0
Let t be (4*-1)/(-3 - -1). What is the remainder when 18 is divided by 16/t + (3 - 1)?
8
Suppose -3*h + 16 = h. Suppose -p + 185 = h*p. Let z = -13 - -26. Calculate the remainder when p is divided by z.
11
Let w = -9 - 10. Let a = 38 + w. Calculate the remainder when 55 is divided by a.
17
Let r = -212 + 391. Calculate the remainder when r is divided by 61.
57
Let f = 18 + 0. Calculate the remainder when 143 is divided by f.
17
Let k(t) = -t**3 + 10*t**2 + 7*t - 9. Calculate the remainder when k(10) is divided by 16.
13
Suppose -3*z + 6 = 0, -3*q + 187 = 5*z - 3*z. Suppose 3*n + 4 = t - 5, -30 = -2*t + 3*n. What is the remainder when q is divided by t?
19
Let f(o) = 2*o**2 + 12*o + 9. What is the remainder when f(-9) is divided by (-1)/6 - (-133)/6?
19
Suppose 0 = -p - p + 6. Calculate the remainder when 59 is divided by (-32)/(1 - p) - 1.
14
Suppose 4*h - 6 = h. Suppose u + t = 30, -4*t = -h*u + t + 53. Calculate the remainder when u is divided by 16.
13
Let w be 37/7 - (-6)/(-21). Suppose 0*r = w*r. Suppose r = -j + x + x + 2, 4*j + x = 44. What is the remainder when 27 is divided by j?
7
Let o = -22 - -62. What is the remainder when o is divided by (-2)/(-9) - (-124)/9?
12
Suppose 2*a = 5*a - 123. Let b = -64 - -78. Calculate the remainder when a is divided by b.
13
Let h be (-34)/(-8) + (-1)/4. Let d be h*(-1 + 18/8). Suppose 36 = j - 2*q, -d*j = -q - 2*q - 194. Calculate the remainder when j is divided by 14.
12
Suppose -2*g - 2*g = a - 10, 2*a + 3*g - 20 = 0. Suppose 0 = o - 0*o - a. What is the remainder when o is divided by 4?
2
Suppose -6*i = -12*i + 102. What is the remainder when i is divided by 9?
8
Calculate the remainder when (10/(-30))/((-2)/36) is divided by 3.
0
Let g = -9 + 14. Suppose -g*j = 3*f - 20, -7*j + 2*j = 4*f - 35. What is the remainder when 57 is divided by f?
12
Let o(u) = u**2 + 4*u + 7. Calculate the remainder when o(-5) is divided by 8.
4
Suppose -12 - 4 = -4*o. Let s(c) = -c**2 - 10*c - 7. Calculate the remainder when s(-8) is divided by ((-10)/o)/(5/(-10)).
4
Let k(r) = 5*r - 34. Calculate the remainder when 21 is divided by k(9).
10
Let w(t) = -20*t - 1. Calculate the remainder when w(-2) is divided by 24.
15
Let m = -8 + 18. Let k(z) = z**3 - 3*z**2 + 2*z - 3. Let a be k(3). Let w = m - a. What is the remainder when 19 is divided by w?
5
Suppose 3*w - 18 = -4*g, 5*w - 9 = 1. Calculate the remainder when 17 is divided by g.
2
Let r be (-90)/(-50) + (-1)/(-5). What is the remainder when (r + -29)/3*-1 is divided by 5?
4
What is the remainder when 63 is divided by (-1136)/(-72) - 4/(-18)?
15
Suppose 4*k - a = 212, 4*a = -2*k - 0*k + 124. Let g(j) = -j**3 + 9*j**2 - 14*j - 5. What is the remainder when k is divided by g(6)?
16
Suppose 0 = -4*b, 7*x - 2*x - 5*b = -480. Let i = 141 - x. Suppose -i = -4*q - 65. What is the remainder when q is divided by 15?
13
Let f = -12 - -31. Let t be 3*(-5)/6*2. Let a = t + f. Calculate the remainder when 26 is divided by a.
12
Suppose 0*w + 2*w + 2*i = 198, -w = -2*i - 99. What is the remainder when w is divided by 20?
19
Let w(b) = -b + 21. What is the remainder when 21 is divided by w(15)?
3
Let h(y) = 23*y**2 - y + 3. What is the remainder when h(-2) is divided by 33?
31
Suppose -8 = -4*k - 3*p - 1, 7 = k - p. Suppose 0 = -k*m + 68 - 12. What is the remainder when 40 is divided by m?
12
Let m(f) = f**2 + 2*f - 5. Let p be m(-7). Let i = -15 + p. What is the remainder when 28 is divided by i?
13
Let n = 43 + -31. What is the remainder when 35 is divided by n?
11
Let i = 3 + 3. Calculate the remainder when i is divided by 2.
0
Let z(p) = -2*p - 4. Let y be z(-4). Let l be 2/(-1) + y - 0. Suppose -7 = -l*a + 15. What is the remainder when a is divided by 6?
5
Let t(v) = -v**2 - 14*v - 9. Let s be t(-11). Suppose -s = z - 5*z. What is the remainder when 15 is divided by z?
3
Let f(p) be the first derivative of p**4/4 + 8*p**3/3 - 11*p**2/2 - 8*p + 1. Let o = 61 + -32. Calculate the remainder when o is divided by f(-9).
9
Let v(r) = r**3 - 4*r**2 + 6*r - 1. Calculate the remainder when 38 is divided by v(3).
6
Let h(t) = 8*t - 45. What is the remainder when 133 is divided by h(9)?
25
Let a(o) = 2*o**2 - 2*o - 11. Let d be a(-6). Let r = d + 